-635 - -1197. List the prime factors of l.
2, 281
Let t be 1 + (0 - 1)/(-1). Suppose -51*m + 23*m + 532 = 0. Suppose 1 = t*o - 9, 0 = -p - 3*o + m. List the prime factors of p.
2
Suppose 3*a + 51 = 3*y, 0 = 3*y + 2*y + 3*a - 109. Suppose -7*f + 2*f = y, -4*f - 32 = 4*k. What are the prime factors of (k/14)/(15/(-1785))?
2, 17
Suppose 2100 = 4*s - b - b, 3*b + 1042 = 2*s. List the prime factors of s.
17, 31
Let q(g) = g**3 - 2*g**2 - g - 3. Let a be q(3). Suppose -m + 88 = -5*n, 2*n - 5*n = -a*m + 204. What are the prime factors of 21*(-7)/(m/(-12))?
2, 7
Suppose -20 = -4*s, 5*n = 6*s - 2*s - 20. Let u be 7/(((-4)/(-2))/2). Let x = u - n. What are the prime factors of x?
7
Suppose -946 - 142 = -2*q - a, 2*a + 534 = q. List the prime factors of q.
2, 271
Suppose 2*j = j - 3*b - 222, -5*j + 2*b = 1144. List the prime factors of (4/(-3))/(-2 + j/(-117)).
2, 13
Let k(x) = -3*x**2 + 4*x + 6. Let v(f) = -6*f**2 + 8*f + 13. Let i(t) = 5*k(t) - 3*v(t). What are the prime factors of i(-7)?
2, 83
Let n(q) = -8*q + 5*q - 5 + 6*q. List the prime factors of n(13).
2, 17
Let n(a) be the third derivative of a**6/120 - a**5/10 + a**4/24 + a**2. Let q be n(3). List the prime factors of (-4)/6*(q + -3).
2, 3
Let b be 3/((30/1114)/5). Suppose -b = 15*c - 3137. What are the prime factors of c?
2, 43
Let p(n) = 9*n - 7. Let b be p(-1). What are the prime factors of (9 - 292/32) + (-2898)/b?
181
Let o = -46 - -87. Suppose -f = -4*x + o - 152, -5*x - 570 = -5*f. What are the prime factors of f?
5, 23
Suppose 3*y - 805 = -5*s + 5*y, 5*s + y = 820. Let c = s - 74. What are the prime factors of c?
89
Let a = 42 - 38. Suppose -a*y - 46 = -z - 7*y, 4*z + 4*y - 192 = 0. What are the prime factors of z?
7
List the prime factors of (-3)/1 + 2588 + 240.
5, 113
Suppose 3*u = i + 35, -4*u = -0*i + 4*i - 68. Let c(g) = 2*g**2 + 13*g - 30. Let r be c(-8). Let f = u - r. List the prime factors of f.
19
Let l(m) = -m + 11. Let v be l(9). Suppose v*b + 0*b - 24 = 0. What are the prime factors of b?
2, 3
List the prime factors of (-4)/62 + 87676/124.
7, 101
Let m = 76 + -16. Suppose 5*i + i = m. What are the prime factors of i?
2, 5
Suppose 0*f - 8 = -4*f. Suppose -l = f*l. Suppose l = 4*t + n - 27, -2*n - 2*n = 4*t - 24. List the prime factors of t.
7
Let d = 3 + -1. Let z be (5 - 6)*(-1 + 2 - 1). Suppose z = 5*n - 3*k - 41, 3*k = 4*n + d*k - 30. List the prime factors of n.
7
Let z be (48/(-9))/((-3)/90). Suppose v = 5*v - z. What are the prime factors of v?
2, 5
Let a = 142 - -237. What are the prime factors of a?
379
Suppose 4*o = 4*j + 2996, o + 0*o - 4*j - 749 = 0. List the prime factors of o.
7, 107
Let t(q) = 752*q - 25. List the prime factors of t(2).
3, 17, 29
Let x(v) = 5*v + 24. Let n be x(-7). What are the prime factors of (2 - 0) + (-704)/n?
2, 3, 11
Let d be (-22)/(-55) + 2392/20. Suppose -3*m + 9 = -0*m. Suppose a = -m*a + d. List the prime factors of a.
2, 3, 5
Suppose -516*c + 505*c + 13739 = 0. List the prime factors of c.
1249
Let d be 4/5*(3 - -177). Let i be 8/(-10) - d/(-30). Suppose 8*v = i*v + 120. What are the prime factors of v?
2, 3, 5
Let f(b) = 49*b**2 + 38*b + 96. What are the prime factors of f(-3)?
3, 47
Suppose 4*o = -f - 3*f + 1592, 3*f + 5*o - 1188 = 0. List the prime factors of f.
401
Let w(z) = -7*z + 18. Let a be w(-8). Suppose -g - c + 4*c + a = 0, 0 = -5*c. List the prime factors of g.
2, 37
Suppose -47 = -4*b + 4*g + g, 4*b + 3*g = 87. Let w = -13 + b. Suppose 4 = -3*p + 1, 0 = f - w*p - 28. What are the prime factors of f?
23
Let h be 1128/32 - 3/(-4). Suppose -m + 14 = 3*m + 5*w, h = 5*m - 3*w. List the prime factors of m.
2, 3
Let c = -450 - -707. What are the prime factors of c?
257
Let t = 22 - 17. What are the prime factors of t/(-9 + 4) - (-105)/1?
2, 13
Suppose -11*q = -15*q + 164. Suppose 3*u = -4*m + q, 2*u = 5*m + 20 - 8. What are the prime factors of u?
11
Let x(h) = h**2 + 3*h + 467. What are the prime factors of x(0)?
467
Let b be 6/4 - 2650/(-20). Let d = b - -102. List the prime factors of d.
2, 59
Let x(w) = -3*w**3 + 5*w**2 + 21*w + 11. List the prime factors of x(-5).
2, 7, 29
Suppose 0 = -3*a - 5*c - 11, 3*a + 2*c - 1 = -0*a. Suppose 4*i - 8 = a*i. What are the prime factors of i?
2
Let j = -323 + 911. What are the prime factors of j?
2, 3, 7
Let h(b) = 38*b - 221. What are the prime factors of h(19)?
3, 167
Let g(y) = -y**2 + 10*y - 6. Let k be g(9). Suppose 31 = -k*o + 70. List the prime factors of o.
13
Let y(l) = l**3 + 37*l**2 + 16*l - 89. What are the prime factors of y(-36)?
631
Suppose 5 = -n, -4*y - 2*n + 1026 = -1900. What are the prime factors of y?
2, 367
Suppose 3*l = 2 + 61. Let x(u) = 3*u + 28. Let w be x(-8). Let o = l + w. List the prime factors of o.
5
Let r be -129 - (3 - 1 - 6). List the prime factors of 5/(r/(-30))*(-115)/(-2).
3, 23
Let d(u) = -35*u**2 - u + 4. Let r be d(-2). Let x = r + 221. What are the prime factors of x?
3, 29
Let u = 764 - -721. What are the prime factors of u?
3, 5, 11
Let w = 38 - 44. Let q(r) = -8*r. List the prime factors of q(w).
2, 3
Let z be 1*516/(2 - -2). Let o = z - 41. List the prime factors of o.
2, 11
Let c be (1*-35 - 0) + 2. Let s be (6/(-9))/(2/c). Let h = 24 + s. What are the prime factors of h?
5, 7
Let c be (-1*(-1426 - -4))/((-6)/(-4)). Suppose 7*b = 19*b - c. List the prime factors of b.
79
Suppose 5*a + u - 38 = 0, u = 5*a + 5*u - 47. Suppose 4*z - a*z = 0. Suppose -4*s + 44 + 4 = z. What are the prime factors of s?
2, 3
Let f be 6*16/24 - 15. Let y = 71 + -16. Let s = y + f. List the prime factors of s.
2, 11
Suppose -3*c + 6*c = 0. Suppose -3*v + c*v + 135 = 0. What are the prime factors of v?
3, 5
Suppose -8 = 4*r - 20. Suppose 5*f = -u + 190, 163 = f + 3*f + r*u. What are the prime factors of f?
37
Suppose 0 = 2*p - 868 - 744. List the prime factors of p.
2, 13, 31
List the prime factors of 3957 - ((-33)/(-11) + -1).
5, 7, 113
Let t(z) = 2*z**3 - 8*z**2 + 52*z - 56. List the prime factors of t(14).
2, 7, 41
Let u = -30 + 44. Let b = 33 - u. List the prime factors of b.
19
Let c(j) = -3*j**2 + 2 - j**2 + 0*j**3 - 1 - 2*j**3 - 2*j. List the prime factors of c(-4).
73
Suppose -3*g - 196 = -7*g. Let t = 7 + g. List the prime factors of t.
2, 7
Let w = 1266 - 947. What are the prime factors of w?
11, 29
What are the prime factors of (-62444)/335*(-10)/4?
2, 233
Suppose -5*z = 12 + 8. List the prime factors of 210/4 + z/8.
2, 13
Suppose -4*h - c + 489 = -32, 15 = -5*c. Let q = 357 - h. List the prime factors of q.
2, 113
Suppose 4*a - 4*p = 3600, 5*p + 2637 = 2*a + 852. What are the prime factors of a?
5, 181
Suppose 19*h - 21*h = -856. What are the prime factors of h?
2, 107
Suppose -16 = -4*l, l = -2*h - 1780 + 10466. List the prime factors of h.
3, 1447
Suppose -4*n + 4193 = m - 283, -5*m - n + 22304 = 0. List the prime factors of m.
2, 5, 223
Suppose -990 = -3*n - 45*x + 49*x, 0 = 3*n + x - 990. What are the prime factors of n?
2, 3, 5, 11
List the prime factors of ((-9)/6*1)/((-15)/1420).
2, 71
Let h be 11982/16 + 11/88. Suppose -8*j + 107 + h = 0. List the prime factors of j.
107
Suppose 204 = -23*o + 27*o. Suppose 2*m - o = 435. What are the prime factors of m?
3
Let b(x) = x**2 - x + 42. What are the prime factors of b(-11)?
2, 3, 29
Suppose 2*v - v + 24 = 0. Let s be (((-8)/(-6))/(14/(-777)))/2. Let k = v - s. What are the prime factors of k?
13
Let q be (20 - -4)*2*2. Suppose -q = n - 5*n. Suppose 6*v = 7*v - n. List the prime factors of v.
2, 3
Let z(t) = -5*t - 14. Let k be z(-7). Suppose 12*f - k*f + 783 = 0. List the prime factors of f.
3, 29
Let x(n) = n**3 + 5*n**2 + n + 2. Let q be x(-5). Let y(f) = -3*f**3 - f**2 - 2. What are the prime factors of y(q)?
2, 5, 7
Let n(l) = -7 - 8 + 4*l**2 + 7. List the prime factors of n(4).
2, 7
Suppose -w - 13 = -5*x, -6 + 28 = 5*w + 4*x. Suppose 4*s = 3*c - 2, 0*c + 4*s - w = c. Suppose -c*m + 52 = -0*m. List the prime factors of m.
2, 13
Suppose -27 - 609 = -6*h. Suppose 7 = -3*q + h. What are the prime factors of q?
3, 11
Let s be (2370/8)/5*4. Suppose -q - 395 = -5*z, 0*z - s = -3*z - 4*q. Let x = z - 47. What are the prime factors of x?
2
Let n = 414 + -233. What are the prime factors of n?
181
Suppose -3*u + 1794 = -2*r, 76*u - 79*u - 4*r = -1794. List the prime factors of u.
2, 13, 23
Let q be 4